{"id":388,"date":"2023-10-24T13:42:18","date_gmt":"2023-10-24T11:42:18","guid":{"rendered":"http:\/\/actia.tech\/?page_id=388"},"modified":"2024-07-31T13:00:51","modified_gmt":"2024-07-31T11:00:51","slug":"sistemas","status":"publish","type":"page","link":"https:\/\/actia.tech\/?page_id=388","title":{"rendered":"Sistemas"},"content":{"rendered":"\t\t<div data-elementor-type=\"wp-page\" data-elementor-id=\"388\" class=\"elementor elementor-388\" data-elementor-post-type=\"page\">\n\t\t\t\t<div class=\"elementor-element elementor-element-72365be8 e-flex e-con-boxed e-con e-parent\" data-id=\"72365be8\" data-element_type=\"container\">\n\t\t\t\t\t<div class=\"e-con-inner\">\n\t\t<div class=\"elementor-element elementor-element-2e8b6a95 e-con-full e-flex e-con e-child\" data-id=\"2e8b6a95\" data-element_type=\"container\">\n\t\t\t\t<div class=\"elementor-element elementor-element-5f8f5ed9 elementor-widget elementor-widget-heading\" data-id=\"5f8f5ed9\" data-element_type=\"widget\" data-widget_type=\"heading.default\">\n\t\t\t\t<div class=\"elementor-widget-container\">\n\t\t\t\t\t<h6 class=\"elementor-heading-title elementor-size-default\">SISTEMAS ACTIA<\/h6>\t\t\t\t<\/div>\n\t\t\t\t<\/div>\n\t\t\t\t<div class=\"elementor-element elementor-element-5731af1d elementor-widget elementor-widget-heading\" data-id=\"5731af1d\" data-element_type=\"widget\" data-widget_type=\"heading.default\">\n\t\t\t\t<div class=\"elementor-widget-container\">\n\t\t\t\t\t<h2 class=\"elementor-heading-title elementor-size-default\">Construcci\u00f3n Industrializada en madera<\/h2>\t\t\t\t<\/div>\n\t\t\t\t<\/div>\n\t\t\t\t<div class=\"elementor-element elementor-element-5a5cd79a elementor-widget__width-initial elementor-widget-mobile__width-inherit elementor-widget elementor-widget-text-editor\" data-id=\"5a5cd79a\" data-element_type=\"widget\" data-widget_type=\"text-editor.default\">\n\t\t\t\t<div class=\"elementor-widget-container\">\n\t\t\t\t\t\t\t\t\t<p style=\"font-weight: 400;\">ACTIA es una empresa de base tecnol\u00f3gica e innovadora que ha desarrollado el \u00fanico sistema integral de edificaci\u00f3n industrializada en madera que abarca todo el ciclo constructivo del edificio.<\/p><p style=\"font-weight: 400;\">Este sistema se concreta en:<\/p><div><strong>1.Dise\u00f1o del Proyecto: <\/strong><span style=\"font-size: inherit;\">Planificaci\u00f3n de la estructura y generaci\u00f3n de la secuencia completa de planos de anteproyecto, proyecto b\u00e1sico y proyecto de ejecuci\u00f3n.<\/span><\/div><div>\u00a0<\/div><div><strong>2.Fabricaci\u00f3n de Componentes (OFFSITE): <\/strong><span style=\"font-size: inherit;\">Producci\u00f3n industrial de los componentes del entramado de madera en nuestra factor\u00eda de Arag\u00f3n con precisi\u00f3n milim\u00e9trica.<\/span><\/div><div>\u00a0<\/div><div><strong>3.Transporte: <\/strong><span style=\"font-size: inherit;\">Entrega de los componentes previamente fabricados en el lugar de construcci\u00f3n rentabilizando cada metro c\u00fabico de la capacidad de transporte.<\/span><\/div><div>\u00a0<\/div><div><strong>4.Ensamblaje: <\/strong>Montaje secuencial de los componentes industrializados con ajuste perfecto siguiendo los planos de detalle para garantizar eficacia y plazos.<\/div><div>\u00a0<\/div><div><strong><strong>5.Adici\u00f3n de Capas: <\/strong><\/strong><span style=\"font-size: inherit;\">Construcci\u00f3n tridimensional de los muros y los forjados como paso previo a la introducci\u00f3n de los sistemas de suministro del edificio.<\/span><\/div><div>\u00a0<\/div><div><p><strong>6.Integraci\u00f3n de Instalaciones:\u00a0<\/strong><span style=\"font-family: var( --e-global-typography-text-font-family ), Sans-serif; font-size: var( --e-global-typography-text-font-size ); font-style: var( --e-global-typography-text-font-style ); letter-spacing: var( --e-global-typography-text-letter-spacing ); text-transform: var( --e-global-typography-text-text-transform ); text-decoration: var( --e-global-typography-text-text-decoration ); text-align: var(--text-align);\">Incorporaci\u00f3n de los sistemas de fontaner\u00eda, electricidad y HVAC. El 80% de ellos vienen suministrados de fabrica en m\u00f3dulos 2D y en m\u00f3dulos 3D en el caso de los ba\u00f1os y las cocinas.<\/span><\/p><\/div><div><strong style=\"font-size: inherit;\">7.Integraci\u00f3n y Revestimientos: <\/strong><span lang=\"ES\" style=\"font-size: inherit;\">Realizaci\u00f3n de los acabados interiores y exteriores, entregando el nuevo edificio industrializado en estructura de madera llave en mano.<\/span><\/div><div><p><span lang=\"ES\">\u00a0<\/span><\/p><\/div><div>\u00a0<\/div><p>Acabados y Revestimientos: Montaje de acabados exteriores e interiores<\/p>\t\t\t\t\t\t\t\t<\/div>\n\t\t\t\t<\/div>\n\t\t\t\t<\/div>\n\t\t<div class=\"elementor-element elementor-element-14433871 e-con-full e-flex e-con e-child\" data-id=\"14433871\" data-element_type=\"container\" data-settings=\"{&quot;background_background&quot;:&quot;classic&quot;}\">\n\t\t\t\t<div class=\"elementor-element elementor-element-5fef894 elementor-widget elementor-widget-image\" data-id=\"5fef894\" data-element_type=\"widget\" data-widget_type=\"image.default\">\n\t\t\t\t<div class=\"elementor-widget-container\">\n\t\t\t\t\t\t\t\t\t\t\t\t\t\t\t<img fetchpriority=\"high\" decoding=\"async\" width=\"605\" height=\"606\" src=\"https:\/\/actia.tech\/wp-content\/uploads\/2023\/11\/construccion-copia.jpg\" class=\"attachment-full size-full wp-image-684\" alt=\"\" srcset=\"https:\/\/actia.tech\/wp-content\/uploads\/2023\/11\/construccion-copia.jpg 605w, https:\/\/actia.tech\/wp-content\/uploads\/2023\/11\/construccion-copia-300x300.jpg 300w, https:\/\/actia.tech\/wp-content\/uploads\/2023\/11\/construccion-copia-150x150.jpg 150w\" sizes=\"(max-width: 605px) 100vw, 605px\" \/>\t\t\t\t\t\t\t\t\t\t\t\t\t\t\t<\/div>\n\t\t\t\t<\/div>\n\t\t\t\t<\/div>\n\t\t\t\t\t<\/div>\n\t\t\t\t<\/div>\n\t\t<div class=\"elementor-element elementor-element-74f1b61 e-flex e-con-boxed e-con e-parent\" data-id=\"74f1b61\" data-element_type=\"container\">\n\t\t\t\t\t<div class=\"e-con-inner\">\n\t\t\t\t<div class=\"elementor-element elementor-element-3b13270 elementor-widget elementor-widget-spacer\" data-id=\"3b13270\" data-element_type=\"widget\" data-widget_type=\"spacer.default\">\n\t\t\t\t<div class=\"elementor-widget-container\">\n\t\t\t\t\t\t\t<div class=\"elementor-spacer\">\n\t\t\t<div class=\"elementor-spacer-inner\"><\/div>\n\t\t<\/div>\n\t\t\t\t\t\t<\/div>\n\t\t\t\t<\/div>\n\t\t\t\t\t<\/div>\n\t\t\t\t<\/div>\n\t\t<div class=\"elementor-element elementor-element-baf5804 e-flex e-con-boxed e-con e-parent\" data-id=\"baf5804\" data-element_type=\"container\">\n\t\t\t\t\t<div class=\"e-con-inner\">\n\t\t\t\t<div class=\"elementor-element elementor-element-78e51e6 elementor-widget elementor-widget-heading\" data-id=\"78e51e6\" data-element_type=\"widget\" data-widget_type=\"heading.default\">\n\t\t\t\t<div class=\"elementor-widget-container\">\n\t\t\t\t\t<h2 class=\"elementor-heading-title elementor-size-default\">Procesos Actia<\/h2>\t\t\t\t<\/div>\n\t\t\t\t<\/div>\n\t\t\t\t\t<\/div>\n\t\t\t\t<\/div>\n\t\t<div class=\"elementor-element elementor-element-4d1dacc e-grid e-con-boxed e-con e-parent\" data-id=\"4d1dacc\" data-element_type=\"container\">\n\t\t\t\t\t<div class=\"e-con-inner\">\n\t\t\t\t\t<\/div>\n\t\t\t\t<\/div>\n\t\t<div class=\"elementor-element elementor-element-4447a91 e-flex e-con-boxed e-con e-parent\" data-id=\"4447a91\" data-element_type=\"container\">\n\t\t\t\t\t<div class=\"e-con-inner\">\n\t\t\t\t<div class=\"elementor-element elementor-element-77cf719 elementor-widget elementor-widget-spacer\" data-id=\"77cf719\" data-element_type=\"widget\" data-widget_type=\"spacer.default\">\n\t\t\t\t<div class=\"elementor-widget-container\">\n\t\t\t\t\t\t\t<div class=\"elementor-spacer\">\n\t\t\t<div class=\"elementor-spacer-inner\"><\/div>\n\t\t<\/div>\n\t\t\t\t\t\t<\/div>\n\t\t\t\t<\/div>\n\t\t\t\t\t<\/div>\n\t\t\t\t<\/div>\n\t\t<div class=\"elementor-element elementor-element-9deecc9 e-flex e-con-boxed e-con e-parent\" data-id=\"9deecc9\" data-element_type=\"container\">\n\t\t\t\t\t<div class=\"e-con-inner\">\n\t\t\t\t<div class=\"elementor-element elementor-element-de454fb elementor-widget elementor-widget-gallery\" data-id=\"de454fb\" data-element_type=\"widget\" data-settings=\"{&quot;columns&quot;:2,&quot;overlay_description&quot;:&quot;caption&quot;,&quot;link_to&quot;:&quot;custom&quot;,&quot;url&quot;:{&quot;url&quot;:&quot;https:\\\/\\\/actia.tech\\\/?page_id=702&quot;,&quot;is_external&quot;:&quot;&quot;,&quot;nofollow&quot;:&quot;&quot;,&quot;custom_attributes&quot;:&quot;&quot;},&quot;lazyload&quot;:&quot;yes&quot;,&quot;gallery_layout&quot;:&quot;grid&quot;,&quot;columns_tablet&quot;:2,&quot;columns_mobile&quot;:1,&quot;gap&quot;:{&quot;unit&quot;:&quot;px&quot;,&quot;size&quot;:10,&quot;sizes&quot;:[]},&quot;gap_tablet&quot;:{&quot;unit&quot;:&quot;px&quot;,&quot;size&quot;:10,&quot;sizes&quot;:[]},&quot;gap_mobile&quot;:{&quot;unit&quot;:&quot;px&quot;,&quot;size&quot;:10,&quot;sizes&quot;:[]},&quot;aspect_ratio&quot;:&quot;3:2&quot;,&quot;overlay_background&quot;:&quot;yes&quot;,&quot;content_hover_animation&quot;:&quot;fade-in&quot;}\" data-widget_type=\"gallery.default\">\n\t\t\t\t<div class=\"elementor-widget-container\">\n\t\t\t\t\t\t\t<div class=\"elementor-gallery__container\">\n\t\t\t\t\t\t\t<a class=\"e-gallery-item elementor-gallery-item elementor-animated-content\" href=\"https:\/\/actia.tech\/?page_id=702\">\n\t\t\t\t\t<div class=\"e-gallery-image elementor-gallery-item__image\" data-thumbnail=\"https:\/\/actia.tech\/wp-content\/uploads\/2023\/11\/fachadas-2.jpg\" data-width=\"605\" data-height=\"606\" aria-label=\"\" role=\"img\" ><\/div>\n\t\t\t\t\t\t\t\t\t\t\t<div class=\"elementor-gallery-item__overlay\"><\/div>\n\t\t\t\t\t\t\t\t\t\t\t\t\t\t\t<div class=\"elementor-gallery-item__content\">\n\t\t\t\t\t\t\t\t\t\t\t\t\t\t<div class=\"elementor-gallery-item__description\">\n\t\t\t\t\t\t\t\t\t\t\t\t\t\t\t\t\t\tFachadas\t\t\t\t\t\t\t\t<\/div>\n\t\t\t\t\t\t\t\t\t\t\t\t<\/div>\n\t\t\t\t\t\t\t\t\t<\/a>\n\t\t\t\t\t\t\t<a class=\"e-gallery-item elementor-gallery-item elementor-animated-content\" href=\"https:\/\/actia.tech\/?page_id=702\">\n\t\t\t\t\t<div class=\"e-gallery-image elementor-gallery-item__image\" data-thumbnail=\"https:\/\/actia.tech\/wp-content\/uploads\/2023\/11\/forjados.jpg\" data-width=\"605\" data-height=\"606\" aria-label=\"\" role=\"img\" ><\/div>\n\t\t\t\t\t\t\t\t\t\t\t<div class=\"elementor-gallery-item__overlay\"><\/div>\n\t\t\t\t\t\t\t\t\t\t\t\t\t\t\t<div class=\"elementor-gallery-item__content\">\n\t\t\t\t\t\t\t\t\t\t\t\t\t\t<div class=\"elementor-gallery-item__description\">\n\t\t\t\t\t\t\t\t\t\t\t\t\t\t\t\t\t\tForjados\t\t\t\t\t\t\t\t<\/div>\n\t\t\t\t\t\t\t\t\t\t\t\t<\/div>\n\t\t\t\t\t\t\t\t\t<\/a>\n\t\t\t\t\t\t\t<a class=\"e-gallery-item elementor-gallery-item elementor-animated-content\" href=\"https:\/\/actia.tech\/?page_id=702\">\n\t\t\t\t\t<div class=\"e-gallery-image elementor-gallery-item__image\" data-thumbnail=\"https:\/\/actia.tech\/wp-content\/uploads\/2023\/11\/cubiertas.jpg\" data-width=\"605\" data-height=\"606\" aria-label=\"\" role=\"img\" ><\/div>\n\t\t\t\t\t\t\t\t\t\t\t<div class=\"elementor-gallery-item__overlay\"><\/div>\n\t\t\t\t\t\t\t\t\t\t\t\t\t\t\t<div class=\"elementor-gallery-item__content\">\n\t\t\t\t\t\t\t\t\t\t\t\t\t\t<div class=\"elementor-gallery-item__description\">\n\t\t\t\t\t\t\t\t\t\t\t\t\t\t\t\t\t\tCubiertas\t\t\t\t\t\t\t\t<\/div>\n\t\t\t\t\t\t\t\t\t\t\t\t<\/div>\n\t\t\t\t\t\t\t\t\t<\/a>\n\t\t\t\t\t\t\t<a class=\"e-gallery-item elementor-gallery-item elementor-animated-content\" href=\"https:\/\/actia.tech\/?page_id=702\">\n\t\t\t\t\t<div class=\"e-gallery-image elementor-gallery-item__image\" data-thumbnail=\"https:\/\/actia.tech\/wp-content\/uploads\/2023\/11\/fachada.jpg\" data-width=\"605\" data-height=\"606\" aria-label=\"\" role=\"img\" ><\/div>\n\t\t\t\t\t\t\t\t\t\t\t<div class=\"elementor-gallery-item__overlay\"><\/div>\n\t\t\t\t\t\t\t\t\t\t\t\t\t\t\t<div class=\"elementor-gallery-item__content\">\n\t\t\t\t\t\t\t\t\t\t\t\t\t\t<div class=\"elementor-gallery-item__description\">\n\t\t\t\t\t\t\t\t\t\t\t\t\t\t\t\t\t\tEstructura\t\t\t\t\t\t\t\t<\/div>\n\t\t\t\t\t\t\t\t\t\t\t\t<\/div>\n\t\t\t\t\t\t\t\t\t<\/a>\n\t\t\t\t\t<\/div>\n\t\t\t\t\t<\/div>\n\t\t\t\t<\/div>\n\t\t\t\t\t<\/div>\n\t\t\t\t<\/div>\n\t\t<div class=\"elementor-element elementor-element-9ffa254 e-flex e-con-boxed e-con e-parent\" data-id=\"9ffa254\" data-element_type=\"container\">\n\t\t\t\t\t<div class=\"e-con-inner\">\n\t\t<div class=\"elementor-element elementor-element-8d60adf e-flex e-con-boxed e-con e-child\" data-id=\"8d60adf\" data-element_type=\"container\">\n\t\t\t\t\t<div class=\"e-con-inner\">\n\t\t\t\t<div class=\"elementor-element elementor-element-9bc9d3c elementor-widget elementor-widget-spacer\" data-id=\"9bc9d3c\" data-element_type=\"widget\" data-widget_type=\"spacer.default\">\n\t\t\t\t<div class=\"elementor-widget-container\">\n\t\t\t\t\t\t\t<div class=\"elementor-spacer\">\n\t\t\t<div class=\"elementor-spacer-inner\"><\/div>\n\t\t<\/div>\n\t\t\t\t\t\t<\/div>\n\t\t\t\t<\/div>\n\t\t\t\t\t<\/div>\n\t\t\t\t<\/div>\n\t\t\t\t\t<\/div>\n\t\t\t\t<\/div>\n\t\t<div class=\"elementor-element elementor-element-76e8536 e-flex e-con-boxed e-con e-parent\" data-id=\"76e8536\" data-element_type=\"container\">\n\t\t\t\t\t<div class=\"e-con-inner\">\n\t\t\t\t<div class=\"elementor-element elementor-element-010afd6 elementor-widget elementor-widget-heading\" data-id=\"010afd6\" data-element_type=\"widget\" data-widget_type=\"heading.default\">\n\t\t\t\t<div class=\"elementor-widget-container\">\n\t\t\t\t\t<h2 class=\"elementor-heading-title elementor-size-default\">Por qu\u00e9 industrializaci\u00f3n en madera<\/h2>\t\t\t\t<\/div>\n\t\t\t\t<\/div>\n\t\t\t\t<div class=\"elementor-element elementor-element-4cdc6cc elementor-widget elementor-widget-spacer\" data-id=\"4cdc6cc\" data-element_type=\"widget\" data-widget_type=\"spacer.default\">\n\t\t\t\t<div class=\"elementor-widget-container\">\n\t\t\t\t\t\t\t<div class=\"elementor-spacer\">\n\t\t\t<div class=\"elementor-spacer-inner\"><\/div>\n\t\t<\/div>\n\t\t\t\t\t\t<\/div>\n\t\t\t\t<\/div>\n\t\t\t\t\t<\/div>\n\t\t\t\t<\/div>\n\t\t<div class=\"elementor-element elementor-element-7aa839d e-grid e-con-boxed e-con e-parent\" data-id=\"7aa839d\" data-element_type=\"container\">\n\t\t\t\t\t<div class=\"e-con-inner\">\n\t\t<div class=\"elementor-element elementor-element-92fdd53 e-con-full e-flex e-con e-child\" data-id=\"92fdd53\" data-element_type=\"container\">\n\t\t\t\t<\/div>\n\t\t\t\t\t<\/div>\n\t\t\t\t<\/div>\n\t\t<div class=\"elementor-element elementor-element-cf5fcdc e-grid e-con-boxed e-con e-parent\" data-id=\"cf5fcdc\" data-element_type=\"container\">\n\t\t\t\t\t<div class=\"e-con-inner\">\n\t\t\t\t<div class=\"elementor-element elementor-element-6bf8e1c elementor-widget elementor-widget-text-editor\" data-id=\"6bf8e1c\" data-element_type=\"widget\" data-widget_type=\"text-editor.default\">\n\t\t\t\t<div class=\"elementor-widget-container\">\n\t\t\t\t\t\t\t\t\t<ul><li>\u00bfSab\u00edas que el <strong>80%<\/strong> de los edificios de los centros hist\u00f3ricos de las ciudades tienen estructura de madera y llevan en pie cientos de a\u00f1os? \u00bfO que la madera es el \u00fanico material de construcci\u00f3n con <strong>huella de carbono negativa<\/strong>?<\/li><\/ul><p>\u00a0<\/p><ul><li><div><span lang=\"ES\">A partir de 2030, <a href=\"https:\/\/www.europarl.europa.eu\/news\/es\/press-room\/20240308IPR19003\/eficiencia-energetica-de-los-edificios-nueva-ley-para-descarbonizar-el-sector\">todos los edificios de nueva construcci\u00f3n en Europa deben ser clim\u00e1ticamente neutros<\/a>. La estructura de madera industrializada es la respuesta, porque aporta<b> <\/b>ajuste exacto, seguridad en los plazos<b> <\/b>y un <b>triple ahorro<\/b>: energ\u00e9tico, de costes y de emisiones<\/span><\/div><\/li><\/ul><p>\u00a0<\/p><ul><li>Suecia, Finlandia o Dinamarca nunca han prescindido de la madera por su solidez, sostenibilidad y durabilidad. ACTIA ofrece la oportunidad de <strong>liderar la nueva transformaci\u00f3n<\/strong> de la edificaci\u00f3n y la promoci\u00f3n inmobiliaria en Espa\u00f1a.<\/li><\/ul>\t\t\t\t\t\t\t\t<\/div>\n\t\t\t\t<\/div>\n\t\t\t\t\t<\/div>\n\t\t\t\t<\/div>\n\t\t<div class=\"elementor-element elementor-element-9e97ba3 e-flex e-con-boxed e-con e-parent\" data-id=\"9e97ba3\" data-element_type=\"container\">\n\t\t\t\t\t<div class=\"e-con-inner\">\n\t\t\t\t\t<\/div>\n\t\t\t\t<\/div>\n\t\t\t\t<\/div>\n\t\t","protected":false},"excerpt":{"rendered":"<p>SISTEMAS ACTIA Construcci\u00f3n Industrializada en madera ACTIA es una empresa de base tecnol\u00f3gica e innovadora que ha desarrollado el \u00fanico sistema integral de edificaci\u00f3n industrializada en madera que abarca todo el ciclo constructivo del edificio. Este sistema se concreta en: 1.Dise\u00f1o del Proyecto: Planificaci\u00f3n de la estructura y generaci\u00f3n de la secuencia completa de planos &#8230; <a title=\"Sistemas\" class=\"read-more\" href=\"https:\/\/actia.tech\/?page_id=388\" aria-label=\"Leer m\u00e1s sobre Sistemas\">Leer m\u00e1s<\/a><\/p>\n","protected":false},"author":1,"featured_media":0,"parent":0,"menu_order":0,"comment_status":"closed","ping_status":"closed","template":"elementor_header_footer","meta":{"footnotes":""},"class_list":["post-388","page","type-page","status-publish"],"_links":{"self":[{"href":"https:\/\/actia.tech\/index.php?rest_route=\/wp\/v2\/pages\/388","targetHints":{"allow":["GET"]}}],"collection":[{"href":"https:\/\/actia.tech\/index.php?rest_route=\/wp\/v2\/pages"}],"about":[{"href":"https:\/\/actia.tech\/index.php?rest_route=\/wp\/v2\/types\/page"}],"author":[{"embeddable":true,"href":"https:\/\/actia.tech\/index.php?rest_route=\/wp\/v2\/users\/1"}],"replies":[{"embeddable":true,"href":"https:\/\/actia.tech\/index.php?rest_route=%2Fwp%2Fv2%2Fcomments&post=388"}],"version-history":[{"count":116,"href":"https:\/\/actia.tech\/index.php?rest_route=\/wp\/v2\/pages\/388\/revisions"}],"predecessor-version":[{"id":1214,"href":"https:\/\/actia.tech\/index.php?rest_route=\/wp\/v2\/pages\/388\/revisions\/1214"}],"wp:attachment":[{"href":"https:\/\/actia.tech\/index.php?rest_route=%2Fwp%2Fv2%2Fmedia&parent=388"}],"curies":[{"name":"wp","href":"https:\/\/api.w.org\/{rel}","templated":true}]}}